2, what is -1011 + -101?
-10000
In base 14, what is c - -55?
63
In base 16, what is -14 + -10?
-24
In base 16, what is -12 - 16e?
-180
In base 7, what is -4 - -40?
33
In base 15, what is 166 - 0?
166
In base 9, what is -604 - -7?
-586
In base 15, what is 130b - -5?
1311
In base 7, what is -4 - -1346?
1342
In base 3, what is 111 - -1011?
1122
In base 11, what is 52 + 32?
84
In base 6, what is 0 - -15?
15
In base 3, what is 1111 - 22?
1012
In base 12, what is -5 + a8?
a3
In base 12, what is -76 - -7?
-6b
In base 3, what is 20 - 20211?
-20121
In base 9, what is 2156 + -3?
2153
In base 10, what is 165 + -19?
146
In base 7, what is -131 - -16?
-112
In base 7, what is 6446 + -3?
6443
In base 13, what is 4 + 92?
96
In base 15, what is 15 - 1?
14
In base 4, what is -201202 + -31?
-201233
In base 7, what is -5 - -11340?
11332
In base 11, what is -2 + 43?
41
In base 10, what is 140 - 4?
136
In base 11, what is a36 + 4?
a3a
In base 4, what is 0 - -202012?
202012
In base 4, what is -10 + 32?
22
In base 3, what is -1111 - 2?
-1120
In base 3, what is -2002210 + 0?
-2002210
In base 11, what is -98 - 4?
-a1
In base 2, what is -10111100000101 - -10?
-10111100000011
In base 2, what is -100111 - 10101?
-111100
In base 6, what is 11 - -502?
513
In base 14, what is 98 + 0?
98
In base 11, what is 556 + 0?
556
In base 6, what is -23 - -255?
232
In base 2, what is -11 - 1101010001?
-1101010100
In base 10, what is 8 - -24?
32
In base 14, what is -2 + -c?
-10
In base 2, what is 100101011010010 - 10?
100101011010000
In base 11, what is 4a + 19?
68
In base 9, what is 61 - -7?
68
In base 4, what is -2 + 100?
32
In base 6, what is 2 - -4034?
4040
In base 6, what is 154 + -213?
-15
In base 11, what is -9 + a?
1
In base 9, what is 151 - -8?
160
In base 15, what is -a + -3?
-d
In base 6, what is -124 - 3?
-131
In base 15, what is -1 + cc?
cb
In base 2, what is 101 + 111110011?
111111000
In base 12, what is 373 - -3?
376
In base 7, what is -1 + 14441?
14440
In base 15, what is -40 + 5?
-3a
In base 15, what is -8 + 16?
d
In base 11, what is 390 - 19?
372
In base 8, what is 13 - -26?
41
In base 10, what is -14 - 147?
-161
In base 13, what is 216 - 7?
20c
In base 10, what is 18439 - -1?
18440
In base 11, what is 2 + 718?
71a
In base 13, what is -2 + -29?
-2b
In base 15, what is -3 - -107?
104
In base 9, what is 67 + -1?
66
In base 11, what is -3 - -22?
1a
In base 13, what is 9 + -1a?
-11
In base 13, what is 9 + -b3?
-a7
In base 6, what is -432 - -345?
-43
In base 4, what is 230 - 1003?
-113
In base 10, what is -3 + 36?
33
In base 15, what is 0 - 1c?
-1c
In base 5, what is -4004 + -3?
-4012
In base 13, what is 2cb4 - -5?
2cb9
In base 7, what is 42 - -24?
66
In base 13, what is -3 - -4c7?
4c4
In base 13, what is 5 + 4?
9
In base 4, what is 11 - -12312?
12323
In base 10, what is 16 + -1?
15
In base 6, what is -122204 - -4?
-122200
In base 4, what is 30322 + 0?
30322
In base 2, what is -1011010101000 + -10?
-1011010101010
In base 14, what is 5 - 57c?
-577
In base 2, what is 1 + -11101000?
-11100111
In base 4, what is -2211022 - 0?
-2211022
In base 9, what is -807 - 8?
-816
In base 5, what is 3 - -33?
41
In base 3, what is 1012 - 1012?
0
In base 14, what is -5060 + -4?
-5064
In base 16, what is -3010 - -5?
-300b
In base 5, what is 3 + 133?
141
In base 15, what is 1e + 9e?
bd
In base 7, what is -40 + -433?
-503
In base 4, what is 1033 + 112?
1211
In base 8, what is -2214 - -3?
-2211
In base 5, what is 0 - -412?
412
In base 12, what is 5 + 10a9?
10b2
In base 9, what is -1 + -11?
-12
In base 8, what is 1 - -433?
434
In base 2, what is -1000 - -1111?
111
In base 6, what is -345 - -1?
-344
In base 9, what is -24 + -1?
-25
In base 10, what is -113 - 0?
-113
In base 15, what is b + a?
16
In base 13, what is 42 + 9?
4b
In base 13, what is -1 + -3?
-4
In base 6, what is 0 + -301?
-301
In base 3, what is -12021 + -2?
-12100
In base 14, what is 23 - 0?
23
In base 9, what is -35 + 1?
-34
In base 15, what is 2 + 393?
395
In base 12, what is 6 + -149?
-143
In base 13, what is 3a + 3?
40
In base 5, what is -3 + 211?
203
In base 3, what is 1020 - 20?
1000
In base 16, what is 22b6 + -1?
22b5
In base 7, what is -260 - 2?
-262
In base 16, what is -21c + -4?
-220
In base 16, what is 4 + 2f9?
2fd
In base 10, what is -6 - 794?
-800
In base 9, what is 677 - -40?
727
In base 13, what is 104 - 10?
c4
In base 16, what is 3 - 117e?
-117b
In base 11, what is 0 - 5?
-5
In base 3, what is 10021 - -11?
10102
In base 12, what is -4 + 25?
21
In base 13, what is -3 - 206?
-209
In base 15, what is 6 - -1d?
24
In base 4, what is 10 + -2121?
-2111
In base 15, what is 5 - -7d?
83
In base 9, what is 101 - -24?
125
In base 9, what is 4 - -220?
224
In base 5, what is 0 - 3014?
-3014
In base 10, what is 3 + -122?
-119
In base 12, what is 5 - -85?
8a
In base 2, what is -101 - -1001?
100
In base 2, what is 11 + -1110111?
-1110100
In base 9, what is 56 - 8?
47
In base 5, what is -1340 - 120?
-2010
In base 2, what is -1011101 - -1010?
-1010011
In base 2, what is -111011111 - 10011?
-111110010
In base 8, what is -4 + 1275?
1271
In base 7, what is -150 + -1?
-151
In base 4, what is -20023 - -102?
-13321
In base 6, what is -235 - 1?
-240
In base 16, what is 13fc - 2?
13fa
In base 8, what is 4 + -163?
-157
In base 8, what is 4 + 4?
10
In base 3, what is 10121 + -10?
10111
In base 4, what is -20311 + 33?
-20212
In base 2, what is -10000 - 100?
-10100
In base 6, what is 3 + -11043?
-11040
In base 14, what is 4 + 910?
914
In base 6, what is -54031 - -2?
-54025
In base 15, what is -6b + 3?
-68
In base 16, what is -1e6 + -3?
-1e9
In base 6, what is 1 + -3022?
-3021
In base 12, what is 6 + -97?
-91
In base 3, what is -1 - 121202?
-121210
In base 6, what is -3 - 20323?
-20330
In base 2, what is 1100100111 + 1?
1100101000
In base 7, what is -10 - 12432?
-12442
In base 13, what is -3383 - -1?
-3382
In base 13, what is -2 - -10?
b
In base 7, what is -12 - 6?
-21
In base 7, what is 1235 - 3?
1232
In base 6, what is -12100 - 15?
-12115
In base 9, what is 8 - -3814?
3823
In base 3, what is 1 - 1010022?
-1010021
In base 3, what is -10 + 1221?
1211
In base 3, what is 201112 + 11?
201200
In base 11, what is -1 + 3?
2
In base 4, what is -133213 - -3?
-133210
In base 4, what is -110 + 12010?
11300
In base 15, what is -1 + 190?
18e
In base 5, what is -4 + -1422?
-1431
In base 8, what is 2 + -1660?
-1656
In base 6, what is -53 + 5?
-44
In base 3, what is -201011 - 21?
-201102
In base 10, what is 2 + 133?
135
In base 13, what is -6 + -1b?
-24
In base 5, what is 2 + 242?
244
In base 3, what is -11110022 - 2?
-11110101
In base 10, what is -12 + 40?
28
In base 16, what is d0b - -2?
d0d
In base 11, what is -17 - 8?
-24
In base 16, what is 2 + -1?
1
In base 10, what is 5 - -1255?
1260
In base 8, what is -603 - -2?
-601
In base 6, what is -2 - 1440?
-1442
In base 10, what is -23 + -52?
-75
In base 14, what is 215 + -1?
214
In base 10, what is -2 - -148?
146
In base 10, what is -27 - -70?
43
In base 7, what is -5 - -343?
335
In base 11, what is -229 + -2?
-230
In base 8, what is -525 - -1?
-524
In base 3, what is -1101 - 111?
-1212
In base 9, what is 1 - 265?
-264
In base 13, what is -5 - -89?
84
In base 13, what is 7a + -11?
69
In base 8, what is -16 + 24?
6
In base 15, what is -2d - -6?
-27
In base 16, what is -7 - 20?
-27
In base 14, what is 3 + 993?
996
In base 10, what is 2 + 48?
50
In base 11, what is -9a4 + -2?
-9a6
In base 14, what is 2 - -66?
68
In base 3, what is -10 - -1201?
1121
In base 5, what is -3020 - -3?
-3012
In base 15, what is c3 - -8?
cb
In base 9, what is 35 + -51?
-15
In base 15, what is -485 + -1?
-486
In base 13, what is c8 - 3?
c5
In base 7, what is 2451 + 3?
2454
In base 12, what is 58 + 4?
60
In base 2, what is 100 - -100111?
101011
In base 12, what is 20 - 245?
-225
In base 9, what is 64 - -7?
72
In base 9, what is -5 - 340?
-345
In base 10, what is -639 - 0?
-639
In base 13, what is -3b + -4?
-42
In base 13, what is -3 - 97b?
-981
In base 7, what is -1 - -3021?
3020
In base 12, what is 255 + 4?
259
In base 6, what is 114 + 20?
134
In base 8, what is -67 - -12?
-55
In base 9, what is 20 + 0?
20
In base 3, what is -20100 + -2?
-20102
In base 2, what is 1101 + 110?
10011
In base 6, what is 3404 + 2?
3410
In base 15, what is 166 -